ts digit of c(m)?
0
Suppose 53*l - 12*l - 127788 - 123296 = 0. What is the units digit of l?
4
Let s(x) = 4566*x - 944. What is the thousands digit of s(3)?
2
Suppose -318*n - 1208568 = -429*n. What is the thousands digit of n?
0
Let r(q) = 203*q + 2097. What is the hundreds digit of r(7)?
5
Suppose 3*v - 21767 = 36*y - 40*y, -y + 5446 = 5*v. What is the hundreds digit of y?
4
Suppose 5*u = -3*u - 4224. Let b be (0 - (-4)/20) + u/(-10). Let c = b - 3. What is the tens digit of c?
5
Suppose 9*s - 9 = 8*s. Suppose -16*k - s = -19*k. Suppose -2*h + k*h + 3*y - 60 = 0, -4*h = y - 207. What is the units digit of h?
1
Let g = -497 + 1320. Let d = 1200 - g. What is the hundreds digit of d?
3
Suppose 33*q - 52747 = 499343. What is the units digit of q?
0
Suppose -2*z = 4*r - 14 + 36, -5*z = 3*r + 20. Let u be (2 - z/2)/((-5)/(-10)). Suppose 3*j = -5*g + 347, u*j - g = 3*g + 529. What is the units digit of j?
9
Suppose 597*f - 518*f = 676635. What is the thousands digit of f?
8
Suppose -2*g = -h - 3304, 0 = 5*g - 5*h - 7269 - 991. Suppose -2*c - 3*c + 5*n + 8170 = 0, -c + g = 5*n. What is the hundreds digit of c?
6
Let g(h) = -3*h + 24. Let o be g(8). Suppose o = 24*d - 26*d + 10. Suppose 7*a = d*a + 140. What is the units digit of a?
0
Let x be (7 + -9 + 644)*(-16)/6. Let o = 2759 + x. What is the tens digit of o?
4
Let p be 0 - 222/(-5 - -2). Let o be 1 + (57/12)/(10/40). Let m = p - o. What is the units digit of m?
4
Suppose 0 = -4*a - 6*a - 60. Let j be a/(-2) + 236*4/8. Suppose 4*o = -5*x - j + 720, -5*x = 2*o - 597. What is the hundreds digit of x?
1
Suppose -3*f + a + 40 = 0, 13*a - 40 = -4*f + 11*a. Suppose -3*o = -f, -958 - 1743 = -3*m - o. What is the hundreds digit of m?
8
What is the hundreds digit of 21 + (-2568)/120 - 81394/(-10)?
1
Let g(a) = -a**3 - 5*a**2 - 6*a. Let n be g(-5). Let x be (1 - 0)/(10/n). Suppose x*q = -26 + 146. What is the units digit of q?
0
Let p(n) = -22*n - 510. Let h be p(-25). Suppose 2*w + t - 41 = 0, -5*w + 5*t + 162 - 37 = 0. Let k = h - w. What is the units digit of k?
8
Suppose 136741 = 15*k + 17881. What is the tens digit of k?
2
Suppose -1215552 = -19*w - 8*w - 25*w. What is the units digit of w?
6
Suppose -40 - 64 = -2*f. Let j be ((-13)/f)/(2/(-32)). Suppose 3*y - j*h = 637, -28 = -3*y + 2*h + 613. What is the hundreds digit of y?
2
Let t(a) = -2*a**3 + 10*a**2 + 25*a - 19. Let f be t(-8). What is the hundreds digit of (-2)/(8*1) + f/4?
3
What is the ten thousands digit of 220077/10 - (-162)/(-135) - (-3)/2?
2
What is the tens digit of ((-1164)/(-8) + 11)/((-3)/(-114))?
4
Let v be (-8)/(-14)*(-35)/(-10) + -1. Let q be 80/(-2)*v*(-18)/8. Let y = q - -96. What is the tens digit of y?
8
Let m(u) = u**2 + 87*u - 225. What is the hundreds digit of m(57)?
9
Suppose -2 = -z - 3. Let k(a) = a + 1. Let f(h) = -h**3 - 5*h**2 - 2*h - 2. Let o(l) = z*f(l) + k(l). What is the units digit of o(-4)?
7
Let b(h) = -h**3 + 164*h**2 + 86*h - 3584. What is the units digit of b(161)?
5
What is the units digit of -8 - -5802 - (-9 - -27)?
6
Let x = 30118 - 9314. Suppose -32*t = -x + 1796. What is the tens digit of t?
9
Let p(x) = -13*x**2 + 3*x. Let s be p(-5). Let i = -174 - s. What is the hundreds digit of i?
1
Suppose 4*c = 5*h - 3171, -25 + 658 = h - 2*c. Let f = 945 - h. What is the units digit of f?
0
Let a = 356 + 3589. What is the thousands digit of a?
3
Let z(d) be the second derivative of -2*d**5 - 3*d**4/4 - 4*d**3/3 - d**2 - 4*d - 57. What is the units digit of z(-3)?
1
Suppose 4*x + 3677 = n, -5*n + 17619 = -2*x - 676. What is the thousands digit of n?
3
Let g be (-2)/(-2)*21/((-105)/20). Suppose -12 = a - 46. Let d = a - g. What is the tens digit of d?
3
Suppose 9*i - 1 = 2*m + 4*i, -3*i + 2 = -m. Suppose -919 = -5*y + d, -2*y + 4*d = m*d - 354. What is the tens digit of y?
8
Suppose -6*u = -21238 - 31472. What is the thousands digit of u?
8
Suppose 2*v - 295 = o, 38*o - 301 = -2*v + 37*o. Let q = -106 + v. What is the tens digit of q?
4
Let l = 10325 - -4941. What is the thousands digit of l?
5
Suppose -2*b - 14794 = -x - 4*b, -2*x = 2*b - 29584. What is the tens digit of x?
9
Suppose w + 3*q + 7 = 0, q - 2 = -q. Let f(s) = -5*s**2 + 9 + 0*s + 0*s**2 - s + 6*s**2. What is the tens digit of f(w)?
1
Let g be ((-3)/1 + 2)/((-4)/292). Suppose -5*l - 342 = g. Let f = l + 95. What is the tens digit of f?
1
Suppose -j + 5*g + 788 = 0, -2*j + 2397 = j - 4*g. What is the units digit of (164/(-6))/(j/(-198) - -4)?
2
Let a = -102 + 161. Suppose 4*d + 85 + a = 0. Let t = d + 39. What is the units digit of t?
3
Let f = -2190 - -9588. What is the units digit of f?
8
Suppose -244*o + 96*o + 6126756 = 0. What is the units digit of o?
7
Let w = 49492 - 29164. What is the ten thousands digit of w?
2
Let n = -5688 + 37368. What is the hundreds digit of n?
6
Suppose 3441 = t + 5*s, -t = t - s - 6948. What is the thousands digit of t?
3
Let d(j) be the third derivative of j**5/60 + 13*j**4/24 - 5*j**3/3 + 16*j**2 - 3*j. What is the units digit of d(-34)?
4
Let y be 5/((-15)/(-9))*(-788)/6. What is the hundreds digit of y/(-3) + 12/(-162)*-9?
1
Let b(x) = x**2 + 3*x. Let r(f) = 3*f**2 + 10*f - 1. Let k(j) = 11*b(j) - 4*r(j). Let m be k(-6). Suppose -m*s + 640 = -6*s. What is the hundreds digit of s?
1
Let f = 10238 - 3928. What is the thousands digit of f?
6
Suppose -1016 - 172 = -r - 5*t, -r - 3*t + 1196 = 0. What is the hundreds digit of (-3 + r/12 - 3)*3?
2
Suppose 0 = m - 5*h - 418, -m + 9*h = 10*h - 412. Suppose 4*f = -3*j + 839, 2*f - m = -j + 6*j. What is the units digit of f?
9
Let q(o) = -26 + 21*o**2 + 57*o + 60*o - o**3 - 91*o. Let g be q(22). Let s = g + -46. What is the tens digit of s?
1
Suppose 7*d - 7*x - 62941 = -10*x, 0 = -5*d - 5*x + 44975. What is the thousands digit of d?
8
Suppose -3*i = 2*d - 4*i - 88, -2*d - i + 80 = 0. Suppose 40*s = d*s - 1586. What is the units digit of s?
3
Let g(m) = m**3 + 2*m**2 + 46*m + 2. Let x be g(-9). Let o = -527 - x. What is the units digit of o?
2
Let m(j) = -20*j**2 - 10*j - 1. Let d(z) = -10*z**2 - 5*z. Let t(q) = -9*d(q) + 4*m(q). Let u be (-2)/3 + 14/(-6). What is the units digit of t(u)?
1
Let i(a) = 333*a**2 - 23*a + 118. What is the units digit of i(8)?
6
Let h(z) = -14*z**2 + 15*z - 33. Let v be h(8). Let s = -487 - v. What is the hundreds digit of s?
3
Let l be 136/(80/24 + (-9)/3). Let c = 809 - l. What is the units digit of c?
1
Suppose -5*l = 2*d - 6*d - 16, -20 = -5*l. Let i(w) = -4*w**2 + 7*w**2 - 1 + 2*w + 2*w**2. What is the units digit of i(d)?
6
Let y be (84/(-35))/(4/(-50)). Suppose 0 = 7*u - 12*u + y. Suppose 0 = -3*d + u. What is the units digit of d?
2
Let n(u) = 99*u**2 - 12*u - 2. Let h be n(-3). Suppose 6*m - i + h = 9*m, -3*i - 1229 = -4*m. What is the tens digit of m?
0
Let s be 5*(-34)/(-4) - 33/(-22). Let o = 11 + -9. Suppose -2*v + s = -4*p, -v - o*v - 2*p + 90 = 0. What is the units digit of v?
8
Let t be ((-1 - 0)*-1)/(2/10). Let v be 8/20 - 2/t. Suppose -2*n - 4*u = -111 - 77, -2*n + 3*u + 216 = v. What is the tens digit of n?
0
Suppose -48*q - 126*q = -3346890. What is the tens digit of q?
3
Let s = -34 + 28. Let y be (-16)/10*15/s. Suppose -4*o = 2*r - 224, -y*r - 13 = -2*o + 79. What is the tens digit of o?
5
Let l(m) = 2*m + 20. Let b be l(-9). Suppose -116 = -c + b. Suppose 194 + c = 3*p. What is the units digit of p?
4
Suppose 0 = -v + 4*v + 102. Let o = 169 - 125. Let g = v + o. What is the units digit of g?
0
Suppose -174*a + 179*a = 2705. Let s = a + 536. What is the hundreds digit of s?
0
Suppose -3*c + 33 = 15. Suppose c*z + 29 = 947. Suppose 5*g - z = 282. What is the units digit of g?
7
Let w = -1788 - -2708. What is the units digit of w?
0
Suppose 51*f = 46*f + 45. Suppose 990 = f*j - 432. What is the units digit of j?
8
Let l(y) = -390*y - 286. What is the hundreds digit of l(-34)?
9
Let c(b) = 18*b**2 + 11*b + 483. What is the thousands digit of c(-36)?
3
Let r = -14756 + 31916. What is the tens digit of r?
6
Let b(o) = 36*o**2 + 58 - 5*o - o**3 - 16*o**2 - 63. What is the units digit of b(18)?
3
Suppose 12 = 2*w + m, -60*m = -5*w - 58*m + 30. Suppose w*k - 6371 = 349. What is the hundreds digit of k?
1
Suppose 0 = 2*p - 2*y + 12, y = 2*p + 15 - 1. What is the units digit of ((-2)/(-4))/(p/(-8760 + 8))?
7
Suppose -32*x = 12*x 